+ 3. Determine i(h).
9
Let x(l) = 3*l - 4. Suppose 0 = 5*v - 3*j - 35, -2*v + 3 = j - 0. Calculate x(v).
8
Let f be (2/3)/(4/18). Let y(j) = -5*j + f*j + 3*j. Let a be y(1). Let o(w) = 4*w + 1. Give o(a).
5
Let u(c) be the third derivative of -1/60*c**5 + c**2 + 0*c**4 + 0*c**3 + 0*c + 0 - 1/15*c**6. Let d = -9 + 10. Calculate u(d).
-9
Let x(v) = -v**2 - 7*v + 2. Let j be x(-7). Let s(l) be the second derivative of -1/3*l**3 + 2*l - j*l**2 + 0. Determine s(-4).
4
Let k(h) = -h**3. Suppose 0 = -5*j + j. Suppose j = -3*t + 2*s + 1, -5*t + 0 = 3*s - 8. Give k(t).
-1
Let z(s) = -s + 1. Let r(j) = j. Let y(a) = -2*r(a) - z(a). Determine y(3).
-4
Let w(k) = -k**2 + 16*k - 16. Let l be w(14). Let p = -12 + l. Let q(a) = -a**3 + a**2 - a + 12. Determine q(p).
12
Let c(p) = -15*p - 24. Let g(i) = 14*i + 24. Let u(h) = 5*c(h) + 6*g(h). Let k(l) = -2*l - 6. Let j(y) = -21*k(y) - 5*u(y). Determine j(5).
-9
Let k(m) = 5 + 5*m - 4*m + 2*m - 2*m. Determine k(0).
5
Suppose -q + 4 = -0*q. Let s be (-21)/6 - 2/q. Let y be ((-6)/s)/((-2)/4). Let g(f) = f + 4. What is g(y)?
1
Let p(n) = n**2 - n + 1. Let k be ((-5)/(-2) - 2)*2. Let c be (0 - (k - -1))*1. Determine p(c).
7
Let t(w) = 2*w**3 - 3*w**2 + 2*w - 2. Let j be 4/(-7)*77/(-22). Give t(j).
6
Suppose 2*q - q - 5 = 0. Suppose -5*f = 2*c - q, -5*c + 23 = 6*f - 4*f. Let l(s) = s - 4. Let u(x) = -3*x + 12. Let r(g) = -17*l(g) - 6*u(g). Determine r(c).
1
Let t(a) = 5*a**2 + 104*a - 1 + a**3 - 101*a + 1. Determine t(-4).
4
Let o(f) = 5*f + 5. Let b(w) be the third derivative of 5*w**4/8 + 7*w**3/3 - 8*w**2. Let z(t) = -6*b(t) + 17*o(t). Suppose c - 5 = 6*c. Determine z(c).
6
Let c(a) = 7*a**3 + a - 10. Let h(d) = -6*d**3 + d**2 - 2*d + 9. Let v(p) = 5*c(p) + 6*h(p). Give v(5).
-6
Let r(t) = -t**3 + 6*t**2 - 5*t + 3. Let u(l) = l**2 + 5*l - 6. Let n be u(-7). Let v be ((-3)/2)/(6/n). Let a be v/(-4)*40/4. Give r(a).
3
Suppose -4*h + 56 - 52 = 0. Let a(f) = 7*f - 1. Determine a(h).
6
Let w = 4 - -8. Suppose 3*o = 2*k + 4 - 2, 0 = 2*k + 2*o + w. Let m(q) = -q**2 - 5*q - 1. Calculate m(k).
3
Let x = 8 - 0. Let i = 5 - x. Let q(l) = -2*l + 4. Give q(i).
10
Let r(p) = 2*p**2 + p**3 - 10 - 2*p**3 + 8 + 2*p**3. Give r(-3).
-11
Let k(m) = m - 2. Let a be k(6). Suppose 2*u + 10 = 30. Let r(q) = 11 - u + 4*q**2 - 5*q**2 + 4*q. Determine r(a).
1
Let t(u) = u**2 - 3*u. Let k be 3/((-6)/134) + -1. Let v be k/(-16) + 2/(-8). Give t(v).
4
Let c = 66 - 62. Let k(d) be the second derivative of -1/20*d**5 + 0 + 3*d - 1/2*d**2 - 1/6*d**3 + 0*d**c. What is k(-2)?
9
Let a(i) = i**3 - 8*i**2 + 6*i + 4. Let h be a(7). Let x(w) be the first derivative of w**3/3 + w**2 - 3*w + 3. Determine x(h).
0
Let l be (-3)/5 + (-115)/(-25). Let w(r) = 2*r**2 - 6*r + 1. Determine w(l).
9
Let m(v) be the first derivative of -v**2 + 7*v - 23. Give m(-7).
21
Let a(h) = -h**2 + 6*h - 2. Suppose 2*o - 22 = -4*z, 3*z + 2*o - 16 = z. Suppose -z*y = y - 20. Give a(y).
3
Let x(r) = r**3 + r**2 + r - 1. Suppose -20*w = -23*w + 3. What is x(w)?
2
Let t(r) = r - 10. Let a be (-76)/(-12) + 20/30. Determine t(a).
-3
Let w(m) = 7*m**3. Suppose 11 = -12*c + c. What is w(c)?
-7
Let x(w) = -12*w + 2. Suppose z = -3*z - 8. Let l(q) = 6*q - 1. Let j(a) = z*x(a) - 5*l(a). What is j(1)?
-5
Let k = -7 + 12. Let g(c) = -32*c + 12. Let i(h) = 13*h - 5. Let x(d) = k*g(d) + 12*i(d). Determine x(1).
-4
Let d = -2 + 0. Let s(r) = -5*r + r**3 - 3 - 131*r**2 + 3*r + 132*r**2 - r. Give s(d).
-1
Let d(m) = -m**3 + 2*m. Suppose -t = -o + 2*o - 2, 2*t = -4*o. Determine d(o).
4
Let o(r) = r**3 - 5*r**2 + 4*r - 2. Suppose -11*f = -10*f - 3. What is o(f)?
-8
Let w(s) = 4*s + 27. Let z be w(-8). Let g = 11 + 2. Let y(v) = -v - 4. Let p(l) = 2*l + 8. Let a(q) = g*y(q) + 6*p(q). Calculate a(z).
1
Let r be 5*(1 - (-63)/15). Let f = 42 - r. Let b(z) = f - z - 16. Give b(6).
-6
Let m(o) = o + 1. Let f(i) = i**2 + 6*i - 5. Let a(z) = f(z) - m(z). Let h be -2 - ((-1 - -8) + -3). Determine a(h).
0
Let k(l) = l**3 + 3*l**2 + 4*l + 3. Let f(q) = 5*q**3 + 11*q**2 + 15*q + 13. Let u(t) = -2*f(t) + 9*k(t). What is u(6)?
1
Let d(i) = -2*i + 3 + 0*i**2 - 2*i + i**2. Suppose -6*l - 2 = -14. Calculate d(l).
-1
Let d be -5*(12/10)/(-3). Let q = 3 + -2. Let g(f) = 0*f + f + 1 - q - 2. What is g(d)?
0
Let f(u) = u**3 + 3*u**2 - 2*u - 2. Let q be f(-3). Let d(w) = -2*w + 4. Calculate d(q).
-4
Suppose 0 = -6*m + m - 15. Let u(v) = -2*v - 6. Let w(p) = -9 - p + 0 - 3*p - 2. Let a(o) = -5*u(o) + 3*w(o). Calculate a(m).
3
Let z(q) = -q - 2. Suppose 3*b = n - 5, 7 = -2*n - 3*b - 10. Determine z(n).
2
Let y(w) = -w - 3. Let u = -79 - -74. Give y(u).
2
Let y(m) = 3*m - 3. Suppose -3 + 4 = q. Suppose -j = -w + 6, -1 = w + j + q. Calculate y(w).
3
Let m be 0/(0 - 2/2). Let p(v) be the first derivative of -v**4/4 - v**3/3 + v**2/2 + 5*v - 8. Give p(m).
5
Suppose 5*b = 20, -5*d + 9 = -0*b + b. Suppose d - 4 = -3*p. Let v(w) = -3*w - p + 0 - w. Calculate v(1).
-5
Let c(f) = f + 1 + 0 + 0. Suppose -3 = 18*q + 33. What is c(q)?
-1
Let v(q) = -5*q**3 + 13*q**2 - 3*q - 8. Let n(g) = -4*g**3 + 12*g**2 - 4*g - 8. Let z(w) = 6*n(w) - 5*v(w). Give z(-8).
0
Let d = 2 - -1. Let j(a) = a - 4. Give j(d).
-1
Let f be (14 + 2)*(-8)/(-16). Let p(a) = a - 8. Calculate p(f).
0
Let u(k) = -2*k**3 + 3*k**2 - 1. Let g(p) be the second derivative of -3*p**5/20 + 7*p**4/12 - p**2/2 + p. Let l(t) = -3*g(t) + 5*u(t). Determine l(-6).
-2
Let r(k) = 0*k - 2 - k**2 + 5*k + 3*k + k. Determine r(8).
6
Suppose n - 6 = 2*n. Let q(i) be the third derivative of i**5/60 + i**4/6 - 4*i**3/3 + 3*i**2. What is q(n)?
4
Let p be 1 - (-34)/(-3)*3. Suppose 0 = -4*k - 2*x + 26, 5*k + 0*x - 31 = -4*x. Let u be p/k + (-4)/14. Let i(s) = s + 3. What is i(u)?
-2
Suppose -2*i - 2*i = 0. Suppose -2*o - o = i. Let q(f) = 4 + 4 + 2 + f. Calculate q(o).
10
Let u = 12 + -11. Let o(b) = 10*b**2 - b. Determine o(u).
9
Let l(p) = -p**2 - 5*p - 2. Let q(z) = -3*z**2 - 15*z - 5. Let y(k) = -8*l(k) + 3*q(k). Let g = -2 - 1. Give y(g).
7
Let d be (-10 - 8)*4/(-6). Suppose 8*z - d*z - 20 = 0. Let p(a) = -a**2 - 7*a - 3. What is p(z)?
7
Let t(b) = -b**3 - 8*b**2 - 5*b + 7. Let c be t(-7). Let p(q) = 5*q**2 - 5*q - q - 6*q**2. Determine p(c).
-7
Let a be 23/5 + 2/5. Suppose a*z + 25 = 0, -z + 5 = -9*y + 4*y. Let f(j) = -4*j - 2. Give f(y).
6
Let o(x) be the first derivative of -x**3/3 + x**2 + x + 8. Let f be 1/(3*(-2)/(-24)). Calculate o(f).
-7
Let p(w) = -2*w**2 - 8*w + 6. Let k(m) = 3*m**2 + 16*m - 13. Let s(h) = -3*k(h) - 5*p(h). What is s(6)?
-3
Let y(o) = 5*o**3 + 2*o**2 + 2*o + 1. Let g(l) = -l - 5. Let q be g(-6). Let t = 0 - q. What is y(t)?
-4
Let q(x) = x**3 - 6*x**2 + x - 6. Let f be q(6). Suppose -4 + 0 = -4*o. Let k(b) = -3 - o - b - b**2 + 0*b. Determine k(f).
-4
Let u be (-4)/6 + 4 + 5/3. Let c(w) = w**2 - 4*w + 3. Give c(u).
8
Let u(c) = -c**3 - 5*c**2 + c + 5. Let f = -7 + 6. Let b be ((-3)/9)/f*-15. Determine u(b).
0
Let q(r) = r**2 + 8. Let j = -58 - -118. Let o be 2/8 - j/(-16). Let v be 0/(-1 + o)*1. Calculate q(v).
8
Let o = -3 - -1. Let y(m) be the second derivative of -m**6/360 - m**5/120 + m**3/6 + 2*m. Let c(i) be the second derivative of y(i). Give c(o).
-2
Let f(g) = 7*g**2 + 2*g + 1. Let x(k) = k + k - 3*k + 0*k + 1. Let l be x(-2). Let q = 2 - l. Determine f(q).
6
Suppose -4*z + 3 = -1, 4*z - 12 = -4*m. Let j(c) = -m*c + 4 - 1 - 4. Determine j(-4).
7
Let z(s) be the second derivative of -5*s**4/12 - s**3/3 + s**2/2 - s. What is z(1)?
-6
Let p(o) be the first derivative of 3*o**2/2 + 11. Calculate p(-3).
-9
Let v(t) = -t - 3. Let y be 3/(2 - 2 - 3/4). Calculate v(y).
1
Let s(h) be the third derivative of h**7/840 + h**6/180 - h**5/60 + h**4/24 - h**3/3 + h**2. Let t(j) be the first derivative of s(j). Determine t(-3).
-2
Let k(f) be the second derivative of f**3/3 + 3*f**2/2 + 21*f. Calculate k(6).
15
Let j = -6 + 9. Let g be j/(-2) + (-5)/10. Let s(d) = -2*d**2. Calculate s(g).
-8
Suppose -2*l = -w + 3, 0 = -2*l - 2*w - 5 - 1. Let a(z) be the second derivative of z**4/12 + z**3/2 + 4*z. Determine a(l).
-2
Let x = -1 - -4. Suppose x*r + 2 = 5*r. Let u(t) = 7*t**3 - t + 1. Determine u(r).
7
Let n(k) be the second derivative of -k**3/6 - 3*k**2/2 - 6*k. What is n(-4)?
1
Let h(l) = -5*l + 0*l**2 + l**2 + 3*l**2 - 3*l**2 - 4. Determine h(6).
2
Let d(u) 